 factors of z.
3, 5
Suppose g - 8 = -3*g. Suppose -g*h = -4, 2*t - t - 8 = -3*h. Suppose -88 = -5*l - 3*i, -3*l - i + 16 = -t*l. List the prime factors of l.
2, 5
Let w be 15/((-1)/(-3 - -2)). Let h = -13 + w. Let z = 42 - h. List the prime factors of z.
2, 5
Suppose 3*i + 3*c + 21 = -0*c, -i - 2*c = 10. Let y(u) = -2*u**3 + 7*u**2 + 7*u - 6. List the prime factors of y(i).
2, 103
Let w(y) = -y + 5. Let q be w(3). Let i be (3/q)/((-5)/(-90)). List the prime factors of 4/(-6) + 1503/i.
5, 11
Let b(f) = -3*f**2 - 2*f - 9. Let j be b(-3). Let z = j + 33. What are the prime factors of z?
3
Let o(w) = -3*w**3 + 65*w**2 + 9*w + 20. List the prime factors of o(21).
1091
Suppose -y = -5*y - 2*k + 16, -y - 4*k = 3. Suppose -51 = -y*q + 159. List the prime factors of q.
2, 3, 7
Let q(x) = x - 1 + 2*x**2 + 0*x**2 + 0*x. Suppose z = 5*u + 13, 5*z - 2*z = -3*u - 15. What are the prime factors of q(u)?
2, 7
Let s = -1811 - -2463. List the prime factors of s.
2, 163
Suppose -k + 5 = 5*z, 5*z - 1 - 9 = -2*k. Let l(v) = v + 14. Let j be l(-6). Suppose -5*q = 4*m - j, -k*m + 10 = -0*q + q. List the prime factors of m.
2
Let z = 3230 + -2821. List the prime factors of z.
409
Let i(l) = -3*l - 6. Let p(t) = -8*t - 8. Let s be p(-4). Let v = 16 - s. What are the prime factors of i(v)?
2, 3
Suppose 4*i - 7263 = -3*n, -4*i + 6095 = 2*n - 1171. List the prime factors of i.
2, 3, 101
Let z(c) = 67*c + 17. List the prime factors of z(7).
2, 3
Suppose 2*q - 12 = 12. Let n = q + 40. List the prime factors of n.
2, 13
Suppose 3*d - 5*d + 3*s = -2850, -3*d + 4281 = -3*s. What are the prime factors of d?
3, 53
Let s(f) = f**2 + f + 1. Let v be s(-2). Let u(g) = -2*g - 6. Let d be u(v). List the prime factors of ((-38)/d)/(4/24).
19
Let n(g) = 8*g - 5. Let w be n(5). Let u be (-1)/(-2*1/6). Suppose u*i - w = 7. List the prime factors of i.
2, 7
Let v = -47 - -47. Suppose v - 8 = -4*i. What are the prime factors of i?
2
Suppose 4*o + 0*q + 2*q - 24 = 0, 8 = 5*o - 3*q. What are the prime factors of o?
2
Let z(k) = 27*k - 55. List the prime factors of z(13).
2, 37
Let g = 2299 + -1429. List the prime factors of g.
2, 3, 5, 29
Suppose 0 + 9 = -4*l - o, -o = 5. Let k = 73 - 87. List the prime factors of k + 12 + (37 - l).
2, 3
Suppose -2*k + 542 = -n, -5*n = -0*k + k - 249. Let f = -152 + k. What are the prime factors of f?
3, 13
Let d = 35 - 24. Suppose 2940 = -f + d*f. What are the prime factors of f?
2, 3, 7
Let y be -6*(-2)/(-9)*-3. Let l = -53 + 56. Suppose -l*r - 225 = -5*c + 18, y*c - 191 = -r. What are the prime factors of c?
2, 3
Let x(c) = -4*c + 3. Let g be x(5). Let i(f) = -f**2 + f + 2. Let b(l) = 3*l**2 - 19*l - 28. Let d(p) = -b(p) - 4*i(p). List the prime factors of d(g).
2, 3
Let g(w) = w**2 + 4*w - 16. Let z be g(-7). Suppose k + 5*b = -11, 3*k - 4 = -z*b + 3. Suppose -k - 93 = -3*c. List the prime factors of c.
2, 17
Let n(o) = -2*o**3 - 29*o**2 + 10*o - 50. List the prime factors of n(-17).
5, 7
Let s be 2/6 + (-32)/(-12). Let l = s + -8. List the prime factors of ((-7)/l)/(1/5).
7
Let i = -6 + 2. Let h be (2/(-6))/(i/84). Let l = h + -4. List the prime factors of l.
3
Let l(p) be the third derivative of p**5/15 + p**4/12 + p**3/6 - 20*p**2. Let m = 0 - 1. What are the prime factors of l(m)?
3
Let b(t) = -64*t**3 + t**2. Let p be b(1). Let v = -57 - p. What are the prime factors of v?
2, 3
Suppose -13*a + 2869 = -1694. List the prime factors of a.
3, 13
List the prime factors of (7 - (-1777 - 7))*(-1)/(-3).
3, 199
Let s be 98/21*(-45)/(-6). Suppose 0 = -g + 167 - s. List the prime factors of g.
2, 3, 11
Let p(r) = -r**2 - 8*r + 4. Let f be p(-8). Suppose -17 = -f*h + 3. Suppose 0 = 5*z - 4 - 16, h*z = n + 12. List the prime factors of n.
2
List the prime factors of ((-3)/(-6) - -1)*(-1374)/(-9).
229
What are the prime factors of (-12901)/(-63) + (-22)/(-18) + -1?
5, 41
Let j(z) = -z**3 + 7*z**2 + 2*z + 4. Let k be j(4). Suppose 2*w - k = -2*w. Suppose w + 11 = 2*o. What are the prime factors of o?
13
Let r(h) = 1053*h - 473. What are the prime factors of r(6)?
5, 7, 167
Suppose 0 = -6*x + 12*x + 114. Let p = 27 - x. What are the prime factors of p?
2, 23
Let q = -184 + 675. List the prime factors of q.
491
Let a(l) = -l**3 + l**2 + 20. Suppose -r = 2*r. Let w be a(r). List the prime factors of (-3)/(1/(w/(-6))).
2, 5
List the prime factors of ((-4 + 406)/(-2))/(3/(-5)).
5, 67
Let k be (-2)/(-1)*(-294)/21. Let r = k - -90. What are the prime factors of r?
2, 31
Suppose w + 72 = 4*w. Let i be (1 + w/(-15))*-35. Suppose -6*h = -3*h - i. What are the prime factors of h?
7
Suppose 4*m + 5*d + 54 = -19, 4*m - 5*d + 23 = 0. Let x = 15 - 37. Let f = m - x. What are the prime factors of f?
2, 5
Suppose -y + 2*l + 369 - 66 = 0, y - 5*l - 318 = 0. What are the prime factors of y?
293
Let n = 1 - -2. Let v be 6 + (-9)/n + 2. Suppose -4 = -a - 3*w, -4*a = -v*a + 4*w + 39. List the prime factors of a.
19
Suppose 0 = -2*f + 18 - 4. Let d be 2/f - 1032/(-14). Suppose -d = -3*z + z. What are the prime factors of z?
37
Suppose q = -2 - 1. List the prime factors of (-264)/(-9)*q/(-2).
2, 11
Let h(f) = -f**3 - 12*f**2 - f - 24. What are the prime factors of h(-13)?
2, 79
Suppose 211 - 783 = -4*j. Let q = 34 + j. What are the prime factors of q?
3, 59
Let r(v) = -78*v**3 + v**2 - 3*v - 4. Let l be r(-2). Suppose 0 = -4*o - g - 0*g + 493, 5*o + 4*g = l. List the prime factors of o.
2, 61
Suppose -v + 1 + 1 = 0. Suppose 24 = v*h - 0. Suppose 5*w = 6*w - h. List the prime factors of w.
2, 3
Let n be (-1 + 1)/(-4)*1. Suppose n*l + l - 25 = 4*g, -3*l + 5*g + 40 = 0. Suppose -4*j + 89 = l*o, j = -4*j - 3*o + 95. List the prime factors of j.
2
Let b(x) = -3*x**2 - 3*x + 5. Let w(n) = -4*n**2 - 3*n + 5. Let p(u) = -3*b(u) + 2*w(u). Let r be p(-5). Suppose 27 = r*l - 13. List the prime factors of l.
2
Let b(l) = 128*l**2 + 22*l + 62. What are the prime factors of b(-3)?
2, 7, 41
Let o = 32 + -28. Suppose 0 = -5*c + 4*p + 365, o*c - 3*p + 0 = 293. What are the prime factors of c?
7, 11
Suppose -5002 = -14*s - 1600. List the prime factors of s.
3
Let r(o) = -o**3 + 13*o**2 + 84. List the prime factors of r(13).
2, 3, 7
Suppose -5*t - 30 = -5, 0 = 4*c - 5*t - 505. List the prime factors of c.
2, 3, 5
Let w = 0 + 5. Suppose w*h - 79 = 81. What are the prime factors of h?
2
Let y be 3 + -3 + 0 + 2. Let m be 38/14 - y/(-7). Suppose m*n = 2*n + 7. What are the prime factors of n?
7
Let q = -7 - -10. Suppose -q*p + 6 = -p, 4*l + 5*p = 379. Let d = 135 - l. What are the prime factors of d?
2, 11
Suppose -5*w + 11 = -5*v - 4, -3*w - 2*v + 9 = 0. Suppose -4*x + t + 20 = 5*t, -3*x = -w*t + 9. List the prime factors of (x/2)/(3/246).
41
Suppose m = -5*g - 1740, 3*g - 5*m + 726 + 290 = 0. Let d = g + 504. What are the prime factors of d?
157
Let r(b) be the second derivative of -1/6*b**4 + 19/20*b**5 - 1/2*b**2 + 3*b + 0 + 1/3*b**3. What are the prime factors of r(1)?
2, 3
Let d(f) = -4*f - 5. Let i be d(4). Let j = i + 23. Suppose -j*y - v + 27 = 0, y - 4 = -3*v + 2. What are the prime factors of y?
3, 5
Let x(z) be the second derivative of 0 + 8*z + 1/3*z**4 - 1/2*z**2 - 1/3*z**3 - 1/20*z**5. List the prime factors of x(3).
2
Suppose -4*g + 0 = c - 2, 5*g + 10 = 5*c. What are the prime factors of (-4 + 4)*-1 - (-136 - g)?
2, 17
Let v(s) = -46*s + 54. List the prime factors of v(-11).
2, 5, 7
Let n(w) = w + 2. Let k be n(3). Suppose -5*v + 1235 = k*t, -t - 5*v + 11 + 240 = 0. List the prime factors of t.
2, 3, 41
Let y = 2052 - 1361. List the prime factors of y.
691
Suppose 0 = -2*f + 2*n + 638, -16*f + 2*n = -12*f - 1270. Suppose -4*g + 2*l + f = 0, 0*g + 2*l = -2*g + 164. List the prime factors of g.
2, 5
Let q(v) = 26*v + 24. What are the prime factors of q(17)?
2, 233
Suppose -6*v = -43*v + 104118. List the prime factors of v.
2, 3, 7, 67
Let g = 31 - 29. Suppose -3*b = -g*a - 114, 2*b - 115 + 39 = 4*a. Let s = b + 11. List the prime factors of s.
7
Suppose -614 = -2*q - 4*g, -q - 5*g + 370 - 57 = 0. List the prime factors of q.
3, 101
Let f = 123 - 55. Suppose 2*a - 272 = -f. Suppose 6*i = i + w + a, 3*w - 94 = -5*i. What are the prime factors of i?
2, 5
Suppose -28 = t - 5*t. Suppose 2*q - g = 222, q - 111 = t*g - 4*g. What are the prime factors of q?
3, 37
Suppose -3*x = -53 - 265. Suppose 